08 = -15*v. What are the prime factors of v?
2, 107
Let w be (-2)/3 + 1 + 294/(-18). Let c(f) = -35*f + 8. List the prime factors of c(w).
2, 71
Suppose 5*s + 27751 = 3*u, -2*s + 27779 = -3*u + 6*u. List the prime factors of u.
9257
List the prime factors of ((-170433)/(-145))/(21/560).
2, 3, 653
Let d(u) be the first derivative of u**4/4 - u**3/3 + u**2/2 + 31*u + 1. List the prime factors of d(0).
31
Let p(z) = 52*z**3 - 2*z**2 - 241*z + 1961. What are the prime factors of p(8)?
3, 37, 239
Suppose -3*i + 60076 = 5*h, -5*i - 428*h + 429*h = -100080. List the prime factors of i.
37, 541
Suppose 20*g - 32 = -12*g. Let q(v) = 249*v + 14. List the prime factors of q(g).
263
Let k = 26409 + -16399. List the prime factors of k.
2, 5, 7, 11, 13
Suppose -28*a - 1704 = 5072. Let h = 1289 - a. List the prime factors of h.
1531
Suppose 31*n + 35414 = 4*a + 32*n, -5*n = -4*a + 35450. List the prime factors of a.
5, 7, 11, 23
Let u be (-1 + -165)*135/(-54). What are the prime factors of u - ((-16)/36 - (-41)/(-9))?
2, 3, 5, 7
Suppose -2*l - a + 4073 = -5033, 18218 = 4*l + 3*a. What are the prime factors of l?
2, 5, 7, 13
Let f be (-4)/16 + -1*(-7)/(-4). Let s(i) = 3*i + 10. Let q be s(f). List the prime factors of (-5 - -3)*(-214)/q.
107
Let y be ((-25)/75)/(1/(-177)*-1). Let n = 80 + y. Suppose -17*o + 16*o + n = 0. What are the prime factors of o?
3, 7
Let p = 625 + -121. Let m be (-48)/p + 4198/(-21). What are the prime factors of -1 - m/((-4)/(-1))?
7
Let k = -31 + 43. Let i = 159 - k. Let x = i - 103. What are the prime factors of x?
2, 11
Suppose 5*d - 6710 = 2*n, 4*n + 3*d + 9719 = -3753. Let i = n + 4729. List the prime factors of i.
2, 11, 31
Suppose -5*c + 5*m = -60, 0*m + 12 = 2*c + 2*m. Let i(s) = 2*s - 15. Let k be i(c). List the prime factors of 3 - (2 + (24/k)/(-2)).
5
Suppose -3101 = -3*p + j, 251*j - 4143 = -4*p + 254*j. List the prime factors of p.
2, 3, 43
Suppose -4 = j + m, -3*j + 3*m - 20 = 2*m. Let t(k) be the first derivative of k**4/4 + 10*k**3/3 + 11*k**2/2 - k + 3890. What are the prime factors of t(j)?
7, 11
Suppose 0 = -6*f + 16*f - 20. Let x(s) = 269*s - f - 362*s + 0. What are the prime factors of x(-2)?
2, 23
Suppose 28306 = 3*g + 5*t, 5*g + 5*t = 45764 + 1386. What are the prime factors of g?
2, 7, 673
Let k(g) = 2*g + 12. Let h be k(-6). Let a = h + 0. Suppose -5*i + 4*r = -111, 5*i - 113 = 2*r - a*r. List the prime factors of i.
23
Suppose -l - 3*y = -5*l + 2609, l = -4*y + 676. Suppose -l = -645*x + 637*x. List the prime factors of x.
2, 41
Suppose -32 = -42*m + 40*m. Suppose -s + m = s. Suppose 0*p = -s*p + 1784. What are the prime factors of p?
223
List the prime factors of (-10)/(-4)*(-246420)/(-75).
2, 3, 37
Suppose -4*z + 37*z - 869044 = -11*z. What are the prime factors of z?
19751
List the prime factors of (9 - 3)/((-100)/(-80180)*(-6)/(-15)).
3, 19, 211
Suppose -4519 = 5*i - t - 0*t, 0 = t + 1. Let x = i - -1339. What are the prime factors of (4/24*-4)/(-2)*x?
5, 29
Let j(s) = -151*s + 2893. List the prime factors of j(-76).
14369
Let c(j) = -48*j - 160. Let a be c(-6). Suppose -a = 17*f - 2066. List the prime factors of f.
2, 3, 19
Let t be (-11)/(11/4) + -298. Let z = 524 + t. What are the prime factors of z?
2, 3, 37
What are the prime factors of (3483/36 - 30)*(1166 + -2)?
3, 89, 97
List the prime factors of (-108710)/(-74) + (-3096)/(-222) + -14.
13, 113
What are the prime factors of 180/(-100)*(-31740)/6?
2, 3, 23
What are the prime factors of (-3)/(12/(-9)*72/312128) + 2?
2, 3, 271
Let l = 29312 + -18856. List the prime factors of l.
2, 1307
Suppose 6*z - 5*z = -36. Let a = z - -41. Suppose -j + 101 = m - 0*m, -4*m = a*j - 402. List the prime factors of m.
103
Let h(j) = -j**3 - 2*j**2 - j + 1. Let o(g) = -2*g**3 + 7*g**2 + 17*g + 16. Let z(q) = 5*h(q) - o(q). What are the prime factors of z(-7)?
3, 113
Let b(c) = -c**3 - 5*c**2 + 5*c + 6. Let j be b(-8). Let l = j - -22. Let v = -104 + l. List the prime factors of v.
2, 19
Let s(p) = 26*p - 4*p + 17*p + 6*p + 93. What are the prime factors of s(6)?
3, 11
Let b(f) = -8*f**3 + 22*f**2 + 14*f - 33. List the prime factors of b(-8).
23, 233
List the prime factors of (-5 - -4)*-4 - -15146 - (-1 + 1).
2, 3, 5, 101
List the prime factors of 37/(5032/(-102))*(-716)/3.
179
Let h(w) = -3*w + 37. Let k be h(11). Suppose -14 = -j + k*j - 5*x, 2*j = x. Suppose j*n - 232 = -3*l, -76 = -n - 3*l + 37. List the prime factors of n.
7, 17
Let m = -575 - -6403. What are the prime factors of m?
2, 31, 47
Let x(y) be the second derivative of -37*y**3/6 - 27*y**2 + 4*y. Let g be x(5). List the prime factors of (g/6)/(10/(-60)).
239
Let v(n) = -5*n**2 - 5*n - 7. Let d(q) = -19*q**2 - 24*q - 30. Let h(r) = 2*d(r) - 9*v(r). Let g be 4/10 + 32/20. List the prime factors of h(g).
5
Suppose 60 - 45 = 3*c. Suppose 3011 + 1004 = 3*f + 2*y, c*f - 6695 = -4*y. What are the prime factors of f?
3, 5, 89
Let g(h) = h**2 - 11*h + 30. Let z be g(9). What are the prime factors of 829 + 15*4/z?
2, 3, 139
Let c(s) = 367*s**3 + s**2 - 15*s + 16. What are the prime factors of c(3)?
11, 29, 31
Suppose -209*y + 189515 = -180*y. List the prime factors of y.
5, 1307
Let w = -294 + 298. Suppose 3*f + f - 2*m - 2748 = 0, -2740 = -w*f + 4*m. What are the prime factors of f?
13, 53
Let j be 2/2*(-122)/(-2). Suppose -5*q - 5*i = 45, 5*q + i + j = 4*i. What are the prime factors of (-105)/7*q/3?
5, 11
Let b = -3076 + 5285. List the prime factors of b.
47
Suppose 4*l + 5*n - 7 = 0, 5*l - 2*n = -7*n + 15. Suppose -l + 2 = 6*j. List the prime factors of ((-128)/24)/(j/((-54)/(-4))).
2, 3
Suppose 21*d - 36265 = 50150. What are the prime factors of d?
5, 823
Suppose 51*i = 35*i + 43258 + 35350. What are the prime factors of i?
17
Suppose -4*l - 5*o = -310, l - 3*o = -0*l + 69. Suppose -l*b + 15 = -80*b. Let a(q) = 22*q**2 + 9*q + 9. What are the prime factors of a(b)?
2, 3, 5
Let n(p) = p**3 - 15*p**2 + 8*p - 120. Let g be n(15). Suppose -4*s - t + 2730 = g, -5*s = -4*t + 7*t - 3416. What are the prime factors of s?
2, 11, 31
Suppose 2 = -5*x + 17. Suppose 0 = x*l - 4*p - 12, -4*l + 35 = -2*p + 9. List the prime factors of (24/10)/(l/2100*5).
2, 3, 7
Let l = -5741 - -17964. What are the prime factors of l?
17, 719
Let f be 1/((-2)/3)*(-8)/6. Suppose 2*x - 1084 = f*c, 15 - 5 = 2*c. Suppose 9*d - 6*d = 4*i + x, d = 4*i + 193. What are the prime factors of d?
3, 59
Let v = 82 - 70. Suppose 0 = -5*i + 82 - v. Suppose -10*x + i*x = 612. List the prime factors of x.
3, 17
Let k = -184 - -1628. Let t = -271 + k. What are the prime factors of t?
3, 17, 23
Let v be 0*(-1 - -2)/((-21)/7). Let r(j) = 3 + 226*j**2 - 4 + 2 + v*j + 5*j. List the prime factors of r(1).
2, 29
Suppose 4 - 3 = -k. Let m(x) be the first derivative of 24*x**3 + x**2/2 + x + 48. What are the prime factors of m(k)?
2, 3
Let x = 143 - 138. Suppose 10*w - 135 = -x*w. What are the prime factors of w?
3
Suppose j + 5*c - 18736 - 1928 = 0, -2*j - 4*c + 41280 = 0. What are the prime factors of j?
2, 1289
Suppose 18*f - 50352 = 203286. What are the prime factors of f?
3, 7, 11, 61
Let c = 527 + -300. Let n = 314 - c. What are the prime factors of n?
3, 29
Let m(w) = w**3 + 671. Let t be m(0). Let g = 1119 - t. What are the prime factors of g?
2, 7
Let l(x) = 55*x**2 - 84*x - 56*x**2 + 108*x - 2. Let s be ((-3)/9 - -1)*9. What are the prime factors of l(s)?
2, 53
Let o be (-1 + 2 + 295/4)*4. Let k = -615 + o. Let u = 505 + k. List the prime factors of u.
3, 7
Suppose 0 = 2*y - 4*y - 4. Let z(w) = -56*w**3 + w**2 - 3*w - 3. What are the prime factors of z(y)?
5, 7, 13
Let l(d) = 1768*d + 4507. What are the prime factors of l(13)?
37, 743
Suppose 13*a - 24 = 5*a. Suppose -12 = -3*d + 6*o - 4*o, -8 = -2*d + a*o. Suppose -x + 8 = -3*x, -2*i = -d*x - 50. What are the prime factors of i?
17
Let a = 961 - -323. Suppose a + 487 = 7*n. What are the prime factors of n?
11, 23
Suppose 28*s + 615646 = 96*s - 794674. List the prime factors of s.
2, 5, 17, 61
Let i(v) = 13*v**3 + 15*v**2 + 38*v - 13. What are the prime factors of i(6)?
7, 509
Suppose 0 = -0*t + t - 5. Suppose 19*u - t*u = 9520. List the prime factors of u.
2, 5, 17
Let j(n) = 130*n**2 + 1 + 156*n**2 + 2*n + 93*n**2. What are the prime factors of j(-1)?
2, 3, 7
Suppose -5*h + 5*w = -4365, 0 = 5*w + 6 